125 - 62 = 0. Is r(t) a composite number?
True
Is 2*32613/(-63)*177/(-2) prime?
False
Let r(b) = 3058*b + 42. Let f(a) = 1019*a + 14. Let h(o) = 7*f(o) - 2*r(o). Let i be h(3). Suppose -2*m + 2073 + i = 0. Is m a prime number?
False
Let t be (-2)/(-7 - 1161139/(-165879)). Let i = t - 6112. Is i a prime number?
False
Let c(l) = -2126*l**3 - l**2 - 7*l + 2. Suppose -4 = -25*g + 29*g. Let x(n) = n. Let r(k) = g*c(k) - 5*x(k). Is r(1) prime?
False
Let x be 898*((-4)/(-38) + 182/76). Suppose -46*d - x = -51*d. Is d composite?
False
Let q(i) = 1395*i**3 - 5*i**2 + 6*i + 2. Let d be q(2). Suppose 4*t + 3430 = d. Is t a composite number?
False
Suppose -16743784 - 22563184 = -105*y - 15167783. Is y prime?
True
Let s(j) = 31*j**3 - j**2 - 4*j + 5. Let a be s(2). Suppose 5*k - 12903 - 1242 = 0. Suppose 2*t = k + a. Is t a prime number?
False
Let w be 0 - (-2 + -4 + 13*-403). Suppose -11*u = -16*u + w. Is u a composite number?
False
Let g be 1/(-5*4/(-2140)). Let v(k) = -k**3 - 8*k**2 + 11*k - 22. Let r be v(-9). Let m = g + r. Is m prime?
True
Let z = 23062 + -9977. Let k = -7704 + z. Is k a composite number?
False
Let w(k) = k**3 - 5*k**2 - 2*k + 19. Let j be w(5). Suppose 7*r = j*r - 166. Suppose -358 = r*l - 85*l. Is l a composite number?
False
Suppose 6*n = 4 + 44. Suppose n*g = -11 - 5. Is (-49)/21*(g + -751) a composite number?
True
Let x(r) be the first derivative of 185*r**4/12 + 5*r**3/6 - 5*r**2/2 + 3*r - 22. Let g(b) be the first derivative of x(b). Is g(2) a composite number?
True
Suppose 8810 - 25226 = 12*q. Let r = -253 - q. Is r prime?
False
Let d be (-4)/(-6) + (2 - 32/12). Suppose 16 = 4*g - d. Suppose 0*l - 20 = 4*l, -c - g*l + 1331 = 0. Is c a composite number?
True
Let y = -73 + 173. Let m be (17/((-102)/36) - -3) + 7. Suppose m*i = -5*p + 577, y = 4*p - 2*i - 346. Is p composite?
False
Let h(k) = 26*k**3 - k**2 + 6*k - 10. Suppose 2*d = c - 2*c + 3, 5*c - 15 = -3*d. Suppose 6*w - 5*w = c. Is h(w) a prime number?
True
Let t = -7 - -3. Let i be t/(-3) + 30/45. Is i/(-10) + (-624)/(-20) a composite number?
False
Let z = 78324 + -13043. Is z composite?
True
Let c be (0 + 9486/(-12))/(3/(-18)). Let t = c - -3172. Is t a composite number?
True
Suppose -105*s - 90 = -108*s. Suppose 0 = s*c - 35*c - 2890. Let f = 1017 + c. Is f composite?
False
Let i be (6/4)/(2/24). Let u be ((-11796)/i)/((-4)/6). Suppose -21*d - u = -22*d. Is d a prime number?
True
Suppose 0 = -5*t - 10, -2*j + 2*t = 4*t. Let c be j*(6 + -4) + -2. Let m(w) = 52*w - 7. Is m(c) a prime number?
True
Let q = 1884 + 11095. Is q prime?
True
Let i = 1042265 - 588052. Suppose -234018 = -31*l + i. Is l a prime number?
False
Let f(s) = 2648*s - 11. Let v be f(-1). Let m = v - -3770. Is m prime?
False
Let m be 14/(-4)*(-5 - -3 - -4). Is 21241 - (6 + m + (-15)/3) a prime number?
True
Suppose 0 = 4*k - 9*k + 155. Suppose -3*x = 19 - k. Is x*2/20 - (-253)/5 a composite number?
True
Let p = 2429 + -4652. Suppose -17582 = -3*l - 2*w, w - 10140 = -2*l + 1582. Let o = l + p. Is o composite?
True
Suppose 12*b = 13*b + 4*j - 16941, 2*b - 2*j = 33832. Is b a composite number?
False
Let s(a) = 2441*a - 83. Let b be s(8). Let k = b + -8614. Is k composite?
False
Is (-12)/186 + 9605883/93 a composite number?
False
Let j be (-41244)/10*(-275)/110. Let f = -3272 + j. Is f composite?
False
Let g be ((-6)/45*-3)/((-4)/(-10)). Let f be (7/2 - g)/((-1)/(-264)). Suppose -5*r - 13 = 12, -5*m + 5*r = -f. Is m composite?
False
Is (140/21)/(240/14964660) a composite number?
True
Let u(f) be the first derivative of -918*f**2 - 7*f - 97. Is u(-3) a prime number?
True
Suppose g + 1409530 = -2*g + 13*g. Is g a composite number?
True
Suppose 4*h + 2*u = -0*u + 486, 2*u + 375 = 3*h. Let r = 2757 + -2341. Let o = r - h. Is o prime?
True
Let o(g) = 102*g**2 - 13*g + 5. Let p be o(3). Suppose -2*d + p = -3*k + 180, 2*d = -2*k + 714. Let a = 316 + d. Is a a composite number?
True
Let c = 8598 + 9820. Is c composite?
True
Suppose 2*y - r - 2*r + 13 = 0, 2*y = 2*r - 8. Suppose 2*o + 2 = -2*u, -o = u + o + y. Is (-1108 + 9)*(u + 0 + 0) prime?
False
Suppose 5*g - 38*g + 1710654 = 0. Is -9 + 350/42 + g/6 composite?
True
Is (-25)/20 + (-52947)/(-12) prime?
False
Suppose 0 = -i + j + 2, 0 = -i + 4*j + 11 - 0. Is -3 - (0 - i) - (-7744 + -13) a composite number?
False
Suppose -6*i = -11*i. Suppose -2*b - 3*z - z = -16, i = b + 4*z - 12. Suppose b*q = 8*q - 10180. Is q a prime number?
False
Suppose 5*m = 10*m - 10, 5*h + 2*m = 14139. Suppose -5*o + 15184 = -3*y, -2*o + 3246 = -y - h. Is o prime?
False
Let v be (-1035)/6*116/(-6). Let d = v - 1662. Is d composite?
True
Suppose 137*t - 95*t - 55902415 = -125*t. Is t prime?
False
Let c(n) = -1959*n - 70. Let p be c(-17). Let o = p + -15078. Is o composite?
True
Let l(f) = f + 1. Let n(h) = 55*h - 18. Let y(c) = -5*l(c) - n(c). Let m(p) = 217*p + 1076. Let r be m(-5). Is y(r) a prime number?
False
Let j(l) = 23*l + 246. Let i be j(-10). Suppose 3*s - 27010 = -2*f, s + i = 5*s. Is f a prime number?
True
Let x(s) = -239*s**3 + 3*s**2 + 48*s - 57. Is x(-11) prime?
True
Let s = -826326 + 1621105. Is s a composite number?
False
Let m be (-4860)/(-21) - 9/(-21)*-1. Is (1 - (-2)/2)*m/42 a composite number?
False
Suppose -4*u - 3*v = -8*v - 63, u - 5*v = 27. Suppose -19*y + 22*y = u. Suppose 4*n = 5*q - 1671, 0 = y*q - n - 0*n - 1328. Is q a prime number?
True
Let i be (1 + -2)*((3 - -1) + -7). Suppose -7*b + 10594 = -2*b + i*w, 8 = -4*w. Suppose -b = 2*z - 10*z. Is z a prime number?
False
Let g = -1260 - -5249. Is g a prime number?
True
Let u(f) = -4*f**3 - 11*f**2 + 10*f + 126. Is u(-7) a prime number?
False
Suppose 0 = 5*j - o + 4*o - 31, -2*o = -2*j + 6. Suppose 0 = -h - 2*d + 851, 8*d - 10*d = j*h - 4255. Is h a prime number?
False
Let k(m) = -2*m**2 - 47*m - 20. Let s be k(-23). Is (5098/s)/(14/105) a composite number?
True
Suppose -2*q = 4*v - 361854, 0 = 3*v - 46*q + 43*q - 271368. Is v prime?
False
Let s(k) be the third derivative of -k**4/24 - 31*k**2. Let t be s(0). Suppose t = 3*n - 3, 3*n + 2924 = z - 2*n. Is z prime?
False
Let s be (-9)/12 - -1 - 15/(-20). Let x(o) = -4 + 2 - s + 53*o - 2. Is x(8) a composite number?
False
Suppose -2*h + 12 = 4*h. Let b(k) = 866*k**3 + 3*k**2 + k + 5. Is b(h) composite?
False
Suppose -s + 237206 = 4245. Is s a composite number?
False
Let x(z) = 3*z**2 + 22*z + 10. Let y be x(-7). Let h be (-15)/y + 2 + (-2)/(-1). Is (h - -22) + (6 - (-4)/(-2)) composite?
True
Suppose 4*j - 30 - 10 = 0. Suppose -j*f = -3*f - 14. Suppose -2*l + 706 = -i, -f*i = 4*l + i - 1432. Is l composite?
True
Let z(l) = 2780*l**2 + 24 - 64 + 184*l**2 + 21 - 7*l + 24. Is z(1) a composite number?
True
Let s = 20835 + -546. Is s a prime number?
False
Suppose 12 = -3*n, -2*d - 4*n + 74 = d. Suppose 3*l = -2*l + d. Is l a composite number?
True
Let f(u) = 1138*u**2 - 87*u - 6. Is f(-5) a prime number?
True
Suppose -58*m + 18083535 = -3125267. Is m composite?
False
Let v be -1 - ((3 - 6) + -112). Suppose -f - v = 109. Let i = f - -434. Is i a prime number?
True
Let w be 5/1*(2 + 4 + -7). Let n be 2/2*w/10*-18. Is (-4)/(-6) + 3 + 5790/n a composite number?
False
Let j(o) = -10403*o + 357. Is j(-20) composite?
True
Suppose 4*j - 5*u - 1093045 = 1716553, u = -3*j + 2107227. Is j a prime number?
True
Let t(r) = 4 - r**3 - r + 2*r**3 + 4*r**3 - 4*r**3. Let y be t(0). Suppose 4*k = y*p + 1156, -822 = -3*k - 4*p + 45. Is k prime?
False
Let m(j) = -j - 5. Let q be m(-6). Suppose 2*k - 5 = k. Suppose 5*w + q = -19, -3*y + 2593 = k*w. Is y a prime number?
False
Suppose -47 = 4*q - 23. Is 35622/12*q*4/(-18) a composite number?
True
Let d(j) = 9721*j**3 + 3*j**2 - 3*j + 1. Let r = 236 - 235. Is d(r) prime?
False
Suppose 5*r = -20*r + r + 4249032. Is r a prime number?
True
Let y(c) be the third derivative of c**5/10 + c**4/24 - c**3 - 13*c**2. Let h be y(2). Suppose -2*q = -104 - h. Is q a prime number?
False
Suppose 3*z - 139*b + 140*b - 5553214 = 0, 5*b = 5*z - 9255350. Is z a prime number?
True
Suppose 7 = -4*j - 9. Let l be ((-38676)/15)/(j/10). Let k = l - 2647. Is k a composite number?
True
Let l(r) be the first derivative of -7*r**6/15 + r**5/15 + r**4/12 - 7*r**3/6 + 2*r**2 + 4. Let g(f) be the second derivative of l(f). Is g(-3) prime?
False
Let w be (348/16 - -3)*(-348)/(-1).